Last updated on 2025-04-30 12:49:17 CEST.
Flavor | Version | Tinstall | Tcheck | Ttotal | Status | Flags |
---|---|---|---|---|---|---|
r-devel-linux-x86_64-debian-clang | 1.1.0 | 15.38 | 154.82 | 170.20 | NOTE | |
r-devel-linux-x86_64-debian-gcc | 1.1.0 | 9.46 | 108.39 | 117.85 | OK | |
r-devel-linux-x86_64-fedora-clang | 1.1.0 | 299.44 | OK | |||
r-devel-linux-x86_64-fedora-gcc | 1.1.0 | 269.70 | OK | |||
r-devel-windows-x86_64 | 1.1.0 | 16.00 | 155.00 | 171.00 | OK | |
r-patched-linux-x86_64 | 1.1.0 | 16.88 | 151.88 | 168.76 | OK | |
r-release-linux-x86_64 | 1.1.0 | 16.95 | 150.65 | 167.60 | OK | |
r-release-macos-arm64 | 1.1.0 | 86.00 | OK | |||
r-release-macos-x86_64 | 1.1.0 | 158.00 | OK | |||
r-release-windows-x86_64 | 1.1.0 | 16.00 | 157.00 | 173.00 | OK | |
r-oldrel-macos-arm64 | 1.1.0 | 87.00 | OK | |||
r-oldrel-macos-x86_64 | 1.1.0 | 234.00 | OK | |||
r-oldrel-windows-x86_64 | 1.1.0 | 21.00 | 203.00 | 224.00 | OK |
Version: 1.1.0
Check: examples
Result: NOTE
Examples with CPU (user + system) or elapsed time > 5s
user system elapsed
spiral_initialize_by_time 6.762 0.001 7.597
spiral_dendrogram 6.095 0.022 7.737
spiral_raster 4.276 0.153 5.653
spiral_rect 4.229 0.008 5.125
Flavor: r-devel-linux-x86_64-debian-clang