CRAN Package Check Results for Package ssizeRNA

Last updated on 2024-07-12 07:52:54 CEST.

Flavor Version Tinstall Tcheck Ttotal Status Flags
r-devel-linux-x86_64-debian-clang 1.3.2 8.13 233.07 241.20 OK
r-devel-linux-x86_64-debian-gcc 1.3.2 7.68 171.88 179.56 OK
r-devel-linux-x86_64-fedora-clang 1.3.2 299.76 OK
r-devel-linux-x86_64-fedora-gcc 1.3.2 308.72 OK
r-devel-windows-x86_64 1.3.2 9.00 225.00 234.00 OK
r-patched-linux-x86_64 1.3.2 16.32 220.03 236.35 OK
r-release-linux-x86_64 1.3.2 7.85 220.61 228.46 OK
r-release-macos-arm64 1.3.2 89.00 OK
r-release-macos-x86_64 1.3.2 149.00 WARN
r-release-windows-x86_64 1.3.2 9.00 219.00 228.00 OK
r-oldrel-macos-arm64 1.3.2 95.00 OK
r-oldrel-macos-x86_64 1.3.2 176.00 OK
r-oldrel-windows-x86_64 1.3.2 12.00 265.00 277.00 OK

Check Details

Version: 1.3.2
Check: re-building of vignette outputs
Result: WARN Error(s) in re-building vignettes: ... --- re-building ‘ssizeRNA.Rnw’ using knitr Error: processing vignette 'ssizeRNA.Rnw' failed with diagnostics: Running 'texi2dvi' on 'ssizeRNA.tex' failed. LaTeX errors: ! Undefined control sequence. l.140 \hlkwd{library}\hldef {(ssizeRNA)} ? ! Emergency stop. ! Emergency stop. l.140 End of file on the terminal! ! ==> Fatal error occurred, no output PDF file produced! --- failed re-building ‘ssizeRNA.Rnw’ SUMMARY: processing the following file failed: ‘ssizeRNA.Rnw’ Error: Vignette re-building failed. Execution halted Flavor: r-release-macos-x86_64