Last updated on 2024-06-12 19:54:38 CEST.
Flavor | Version | Tinstall | Tcheck | Ttotal | Status | Flags |
---|---|---|---|---|---|---|
r-devel-linux-x86_64-debian-clang | 0.5.0 | 13.19 | 124.66 | 137.85 | OK | |
r-devel-linux-x86_64-debian-gcc | 0.5.0 | 0.36 | 1.71 | 2.07 | ERROR | |
r-devel-linux-x86_64-fedora-clang | 0.5.0 | 174.92 | OK | |||
r-devel-linux-x86_64-fedora-gcc | 0.5.0 | 158.61 | OK | |||
r-devel-windows-x86_64 | 0.5.0 | 12.00 | 103.00 | 115.00 | OK | |
r-patched-linux-x86_64 | 0.5.0 | 11.35 | 116.36 | 127.71 | OK | |
r-release-linux-x86_64 | 0.5.0 | 11.75 | 116.27 | 128.02 | OK | |
r-release-macos-arm64 | 0.5.0 | 49.00 | OK | |||
r-release-macos-x86_64 | 0.5.0 | 72.00 | OK | |||
r-release-windows-x86_64 | 0.5.0 | 13.00 | 109.00 | 122.00 | OK | |
r-oldrel-macos-arm64 | 0.5.0 | 53.00 | OK | |||
r-oldrel-macos-x86_64 | 0.5.0 | 85.00 | OK | |||
r-oldrel-windows-x86_64 | 0.5.0 | 17.00 | 127.00 | 144.00 | OK |
Version: 0.5.0
Check: package dependencies
Result: ERROR
Packages required but not available:
'dplyr', 'ggplot2', 'ggfortify', 'lme4', 'reshape2', 'tibble',
'tidyr'
See section ‘The DESCRIPTION file’ in the ‘Writing R Extensions’
manual.
Flavor: r-devel-linux-x86_64-debian-gcc