CRAN Package Check Results for Package statnipokladna

Last updated on 2024-09-08 15:49:23 CEST.

Flavor Version Tinstall Tcheck Ttotal Status Flags
r-devel-linux-x86_64-debian-clang 0.7.4 4.61 67.00 71.61 OK
r-devel-linux-x86_64-debian-gcc 0.7.4 3.06 49.07 52.13 OK
r-devel-linux-x86_64-fedora-clang 0.7.4 112.62 NOTE
r-devel-linux-x86_64-fedora-gcc 0.7.4 126.09 NOTE
r-devel-windows-x86_64 0.7.4 7.00 98.00 105.00 OK
r-patched-linux-x86_64 0.7.4 4.78 63.71 68.49 OK
r-release-linux-x86_64 0.7.4 4.01 63.88 67.89 OK
r-release-macos-arm64 0.7.4 59.00 OK
r-release-macos-x86_64 0.7.4 104.00 OK
r-release-windows-x86_64 0.7.4 6.00 91.00 97.00 OK
r-oldrel-macos-arm64 0.7.4 72.00 OK
r-oldrel-macos-x86_64 0.7.4 94.00 OK
r-oldrel-windows-x86_64 0.7.4 8.00 101.00 109.00 OK

Check Details

Version: 0.7.4
Check: data for non-ASCII characters
Result: NOTE Note: found 57 marked UTF-8 strings Flavors: r-devel-linux-x86_64-fedora-clang, r-devel-linux-x86_64-fedora-gcc