Last updated on 2024-06-12 19:54:39 CEST.
Flavor | Version | Tinstall | Tcheck | Ttotal | Status | Flags |
---|---|---|---|---|---|---|
r-devel-linux-x86_64-debian-clang | 3.1.0 | 3.12 | 43.77 | 46.89 | OK | |
r-devel-linux-x86_64-debian-gcc | 3.1.0 | 0.28 | 1.59 | 1.87 | ERROR | |
r-devel-linux-x86_64-fedora-clang | 3.1.0 | 59.43 | OK | |||
r-devel-linux-x86_64-fedora-gcc | 3.1.0 | 54.50 | OK | |||
r-devel-windows-x86_64 | 3.1.0 | 4.00 | 53.00 | 57.00 | OK | |
r-patched-linux-x86_64 | 3.1.0 | 2.41 | 40.71 | 43.12 | OK | |
r-release-linux-x86_64 | 3.1.0 | 2.84 | 41.78 | 44.62 | OK | |
r-release-macos-arm64 | 3.1.0 | 21.00 | OK | |||
r-release-macos-x86_64 | 3.1.0 | 29.00 | OK | |||
r-release-windows-x86_64 | 3.1.0 | 5.00 | 54.00 | 59.00 | OK | |
r-oldrel-macos-arm64 | 3.1.0 | 22.00 | OK | |||
r-oldrel-macos-x86_64 | 3.1.0 | 32.00 | OK | |||
r-oldrel-windows-x86_64 | 3.1.0 | 5.00 | 60.00 | 65.00 | OK |
Version: 3.1.0
Check: package dependencies
Result: ERROR
Package required but not available: ‘drc’
Package suggested but not available for checking: ‘testthat’
See section ‘The DESCRIPTION file’ in the ‘Writing R Extensions’
manual.
Flavor: r-devel-linux-x86_64-debian-gcc