CRAN Package Check Results for Package surrosurv

Last updated on 2024-07-17 19:55:57 CEST.

Flavor Version Tinstall Tcheck Ttotal Status Flags
r-devel-linux-x86_64-debian-clang 1.1.26 16.38 125.29 141.67 OK
r-devel-linux-x86_64-debian-gcc 1.1.26 13.02 93.66 106.68 OK
r-devel-linux-x86_64-fedora-clang 1.1.26 181.93 OK
r-devel-linux-x86_64-fedora-gcc 1.1.26 178.48 OK
r-devel-windows-x86_64 1.1.26 15.00 105.00 120.00 NOTE
r-patched-linux-x86_64 1.1.26 22.26 119.03 141.29 OK
r-release-linux-x86_64 1.1.26 14.93 120.54 135.47 OK
r-release-macos-arm64 1.1.26 49.00 OK
r-release-macos-x86_64 1.1.26 79.00 OK
r-release-windows-x86_64 1.1.26 15.00 106.00 121.00 OK
r-oldrel-macos-arm64 1.1.26 56.00 OK
r-oldrel-macos-x86_64 1.1.26 104.00 OK
r-oldrel-windows-x86_64 1.1.26 20.00 125.00 145.00 OK

Check Details

Version: 1.1.26
Check: Rd cross-references
Result: NOTE Found the following Rd file(s) with Rd \link{} targets missing package anchors: surrosurv.Rd: optimx Please provide package anchors for all Rd \link{} targets not in the package itself and the base packages. Flavor: r-devel-windows-x86_64