Last updated on 2025-01-19 16:48:32 CET.
Flavor | Version | Tinstall | Tcheck | Ttotal | Status | Flags |
---|---|---|---|---|---|---|
r-devel-linux-x86_64-debian-clang | 1.0.6 | 104.26 | 132.53 | 236.79 | NOTE | |
r-devel-linux-x86_64-debian-gcc | 1.0.6 | 71.46 | 93.85 | 165.31 | NOTE | |
r-devel-linux-x86_64-fedora-clang | 1.0.6 | 385.23 | NOTE | |||
r-devel-linux-x86_64-fedora-gcc | 1.0.6 | 392.80 | NOTE | |||
r-devel-windows-x86_64 | 1.0.6 | 123.00 | 159.00 | 282.00 | OK | |
r-patched-linux-x86_64 | 1.0.6 | 96.85 | 122.20 | 219.05 | NOTE | |
r-release-linux-x86_64 | 1.0.6 | 99.44 | 126.13 | 225.57 | NOTE | |
r-release-macos-arm64 | 1.0.6 | 108.00 | NOTE | |||
r-release-macos-x86_64 | 1.0.6 | 126.00 | NOTE | |||
r-release-windows-x86_64 | 1.0.6 | 121.00 | 157.00 | 278.00 | NOTE | |
r-oldrel-macos-arm64 | 1.0.6 | 118.00 | NOTE | |||
r-oldrel-macos-x86_64 | 1.0.6 | 239.00 | NOTE | |||
r-oldrel-windows-x86_64 | 1.0.6 | 137.00 | 206.00 | 343.00 | NOTE |
Version: 1.0.6
Check: top-level files
Result: NOTE
possible bashism in configure.ac line 72 (should be 'b = a'):
if test x"${PKGCONFIG}" == x"yes"; then
Flavors: r-devel-linux-x86_64-debian-clang, r-devel-linux-x86_64-debian-gcc, r-devel-linux-x86_64-fedora-clang, r-devel-linux-x86_64-fedora-gcc
Version: 1.0.6
Check: package dependencies
Result: NOTE
Package suggested but not available for checking: ‘gurobi’
Flavors: r-patched-linux-x86_64, r-release-linux-x86_64, r-release-macos-arm64, r-release-macos-x86_64, r-release-windows-x86_64, r-oldrel-macos-arm64, r-oldrel-macos-x86_64, r-oldrel-windows-x86_64
Version: 1.0.6
Check: installed package size
Result: NOTE
installed size is 10.1Mb
sub-directories of 1Mb or more:
libs 9.0Mb
Flavors: r-release-macos-arm64, r-release-macos-x86_64, r-oldrel-macos-arm64, r-oldrel-macos-x86_64