CRAN Package Check Results for Package swephR

Last updated on 2025-06-23 13:50:49 CEST.

Flavor Version Tinstall Tcheck Ttotal Status Flags
r-devel-linux-x86_64-debian-clang 0.3.2 26.94 36.62 63.56 OK
r-devel-linux-x86_64-debian-gcc 0.3.2 24.77 28.61 53.38 OK
r-devel-linux-x86_64-fedora-clang 0.3.2 102.53 OK
r-devel-linux-x86_64-fedora-gcc 0.3.2 130.48 OK
r-devel-windows-x86_64 0.3.2 50.00 81.00 131.00 OK
r-patched-linux-x86_64 0.3.2 35.28 33.86 69.14 OK
r-release-linux-x86_64 0.3.2 34.71 33.93 68.64 OK
r-release-macos-arm64 0.3.2 51.00 OK
r-release-macos-x86_64 0.3.2 68.00 OK
r-release-windows-x86_64 0.3.2 53.00 83.00 136.00 OK
r-oldrel-macos-arm64 0.3.2 63.00 NOTE
r-oldrel-macos-x86_64 0.3.2 110.00 NOTE
r-oldrel-windows-x86_64 0.3.2 63.00 96.00 159.00 NOTE

Check Details

Version: 0.3.2
Check: package dependencies
Result: NOTE Package suggested but not available for checking: ‘swephRdata’ Flavors: r-oldrel-macos-arm64, r-oldrel-macos-x86_64, r-oldrel-windows-x86_64