Last updated on 2025-02-13 15:49:52 CET.
Flavor | Version | Tinstall | Tcheck | Ttotal | Status | Flags |
---|---|---|---|---|---|---|
r-devel-linux-x86_64-debian-clang | 0.2.3 | 109.17 | 32.55 | 141.72 | OK | |
r-devel-linux-x86_64-debian-gcc | 0.2.3 | 81.26 | 25.27 | 106.53 | OK | |
r-devel-linux-x86_64-fedora-clang | 0.2.3 | 314.22 | OK | |||
r-devel-linux-x86_64-fedora-gcc | 0.2.3 | 315.02 | OK | |||
r-devel-windows-x86_64 | 0.2.3 | 126.00 | 80.00 | 206.00 | OK | |
r-patched-linux-x86_64 | 0.2.3 | 116.01 | 31.09 | 147.10 | OK | |
r-release-linux-x86_64 | 0.2.3 | 117.69 | 31.11 | 148.80 | OK | |
r-release-macos-arm64 | 0.2.3 | 69.00 | OK | |||
r-release-macos-x86_64 | 0.2.3 | 73.00 | OK | |||
r-release-windows-x86_64 | 0.2.3 | 125.00 | 76.00 | 201.00 | OK | |
r-oldrel-macos-arm64 | 0.2.3 | 88.00 | NOTE | |||
r-oldrel-macos-x86_64 | 0.2.3 | 152.00 | OK | |||
r-oldrel-windows-x86_64 | 0.2.3 | 156.00 | 106.00 | 262.00 | OK |
Version: 0.2.3
Check: installed package size
Result: NOTE
installed size is 5.0Mb
sub-directories of 1Mb or more:
libs 4.9Mb
Flavor: r-oldrel-macos-arm64