Last updated on 2025-01-19 16:48:33 CET.
Flavor | Version | Tinstall | Tcheck | Ttotal | Status | Flags |
---|---|---|---|---|---|---|
r-devel-linux-x86_64-debian-clang | 1.1-30 | 9.82 | 159.84 | 169.66 | OK | |
r-devel-linux-x86_64-debian-gcc | 1.1-30 | 7.06 | 111.41 | 118.47 | OK | |
r-devel-linux-x86_64-fedora-clang | 1.1-30 | 285.30 | OK | |||
r-devel-linux-x86_64-fedora-gcc | 1.1-30 | 272.55 | OK | |||
r-devel-windows-x86_64 | 1.1-30 | 12.00 | 191.00 | 203.00 | OK | |
r-patched-linux-x86_64 | 1.1-30 | 9.97 | 150.05 | 160.02 | OK | |
r-release-linux-x86_64 | 1.1-30 | 8.65 | 149.57 | 158.22 | OK | |
r-release-macos-arm64 | 1.1-30 | 84.00 | OK | |||
r-release-macos-x86_64 | 1.1-30 | 122.00 | WARN | |||
r-release-windows-x86_64 | 1.1-30 | 12.00 | 195.00 | 207.00 | OK | |
r-oldrel-macos-arm64 | 1.1-30 | 90.00 | OK | |||
r-oldrel-macos-x86_64 | 1.1-30 | 145.00 | OK | |||
r-oldrel-windows-x86_64 | 1.1-30 | 16.00 | 219.00 | 235.00 | OK |
Version: 1.1-30
Check: re-building of vignette outputs
Result: WARN
Error(s) in re-building vignettes:
...
--- re-building ‘systemfit.Rnw’ using knitr
Error: processing vignette 'systemfit.Rnw' failed with diagnostics:
Running 'texi2dvi' on 'systemfit.tex' failed.
LaTeX errors:
! Undefined control sequence.
l.1496 \hldef
{sigmaInv} \hlkwb{<-} \hlkwd{solve}\hldef{( residCov )}
?
! Emergency stop.
! Emergency stop.
l.1496
End of file on the terminal!
! ==> Fatal error occurred, no output PDF file produced!
--- failed re-building ‘systemfit.Rnw’
SUMMARY: processing the following file failed:
‘systemfit.Rnw’
Error: Vignette re-building failed.
Execution halted
Flavor: r-release-macos-x86_64