Last updated on 2025-01-20 05:48:33 CET.
Flavor | Version | Tinstall | Tcheck | Ttotal | Status | Flags |
---|---|---|---|---|---|---|
r-devel-linux-x86_64-debian-clang | 2.0-5 | 61.66 | 207.04 | 268.70 | OK | |
r-devel-linux-x86_64-debian-gcc | 2.0-5 | 45.18 | 166.14 | 211.32 | OK | |
r-devel-linux-x86_64-fedora-clang | 2.0-5 | 359.80 | NOTE | |||
r-devel-linux-x86_64-fedora-gcc | 2.0-5 | 438.74 | OK | |||
r-devel-windows-x86_64 | 2.0-5 | 61.00 | 178.00 | 239.00 | OK | |
r-patched-linux-x86_64 | 2.0-5 | 63.09 | 353.66 | 416.75 | OK | |
r-release-linux-x86_64 | 2.0-5 | 61.59 | 342.01 | 403.60 | OK | |
r-release-macos-arm64 | 2.0-5 | 92.00 | NOTE | |||
r-release-macos-x86_64 | 2.0-5 | 167.00 | NOTE | |||
r-release-windows-x86_64 | 2.0-5 | 62.00 | 176.00 | 238.00 | OK | |
r-oldrel-macos-arm64 | 2.0-5 | 83.00 | NOTE | |||
r-oldrel-macos-x86_64 | 2.0-5 | 158.00 | NOTE | |||
r-oldrel-windows-x86_64 | 2.0-5 | 73.00 | 189.00 | 262.00 | OK |
Version: 2.0-5
Check: tests
Result: NOTE
Running ‘ttclust.R’ [28s/21s]
Comparing ‘ttclust.Rout’ to ‘ttclust.Rout.save’ ...21,22d20
< OMP: Warning #96: Cannot form a team with 8 threads, using 2 instead.
< OMP: Hint Consider unsetting KMP_DEVICE_THREAD_LIMIT (KMP_ALL_THREADS), KMP_TEAMS_THREAD_LIMIT, and OMP_THREAD_LIMIT (if any are set).
Flavor: r-devel-linux-x86_64-fedora-clang
Version: 2.0-5
Check: installed package size
Result: NOTE
installed size is 7.4Mb
sub-directories of 1Mb or more:
libs 6.1Mb
Flavors: r-release-macos-arm64, r-release-macos-x86_64, r-oldrel-macos-arm64, r-oldrel-macos-x86_64