Last updated on 2025-01-18 01:48:37 CET.
Flavor | Version | Tinstall | Tcheck | Ttotal | Status | Flags |
---|---|---|---|---|---|---|
r-devel-linux-x86_64-debian-clang | 1.2.0 | 26.25 | 67.25 | 93.50 | OK | |
r-devel-linux-x86_64-debian-gcc | 1.2.0 | 16.37 | 46.69 | 63.06 | OK | |
r-devel-linux-x86_64-fedora-clang | 1.2.0 | 165.02 | OK | |||
r-devel-linux-x86_64-fedora-gcc | 1.2.0 | 159.54 | OK | |||
r-devel-windows-x86_64 | 1.2.0 | 29.00 | 89.00 | 118.00 | OK | |
r-patched-linux-x86_64 | 1.2.0 | 26.59 | 63.40 | 89.99 | OK | |
r-release-linux-x86_64 | 1.2.0 | 26.60 | 62.71 | 89.31 | OK | |
r-release-macos-arm64 | 1.2.0 | 56.00 | NOTE | |||
r-release-macos-x86_64 | 1.2.0 | 89.00 | NOTE | |||
r-release-windows-x86_64 | 1.2.0 | 29.00 | 91.00 | 120.00 | NOTE | |
r-oldrel-macos-arm64 | 1.2.0 | 62.00 | NOTE | |||
r-oldrel-macos-x86_64 | 1.2.0 | 100.00 | NOTE | |||
r-oldrel-windows-x86_64 | 1.2.0 | 26.00 | 102.00 | 128.00 | NOTE |
Version: 1.2.0
Check: installed package size
Result: NOTE
installed size is 7.3Mb
sub-directories of 1Mb or more:
R 2.0Mb
threeBrainJS 2.9Mb
Flavors: r-release-macos-arm64, r-release-macos-x86_64, r-release-windows-x86_64, r-oldrel-macos-arm64, r-oldrel-macos-x86_64, r-oldrel-windows-x86_64