Last updated on 2025-06-19 14:50:15 CEST.
Flavor | Version | Tinstall | Tcheck | Ttotal | Status | Flags |
---|---|---|---|---|---|---|
r-devel-linux-x86_64-debian-clang | 1.1.6 | 16.27 | 147.80 | 164.07 | OK | |
r-devel-linux-x86_64-debian-gcc | 1.1.6 | 11.83 | 101.11 | 112.94 | OK | |
r-devel-linux-x86_64-fedora-clang | 1.1.6 | 263.21 | OK | |||
r-devel-linux-x86_64-fedora-gcc | 1.1.6 | 252.43 | OK | |||
r-devel-windows-x86_64 | 1.1.6 | 20.00 | 150.00 | 170.00 | OK | |
r-patched-linux-x86_64 | 1.1.6 | 17.84 | 137.75 | 155.59 | OK | |
r-release-linux-x86_64 | 1.1.6 | 15.96 | 137.01 | 152.97 | OK | |
r-release-macos-arm64 | 1.1.6 | 59.00 | OK | |||
r-release-macos-x86_64 | 1.1.6 | 136.00 | OK | |||
r-release-windows-x86_64 | 1.1.6 | 21.00 | 156.00 | 177.00 | OK | |
r-oldrel-macos-arm64 | 1.1.6 | 73.00 | OK | |||
r-oldrel-macos-x86_64 | 1.1.6 | 162.00 | NOTE | |||
r-oldrel-windows-x86_64 | 1.1.6 | 27.00 | 191.00 | 218.00 | OK |
Version: 1.1.6
Check: R code for possible problems
Result: NOTE
Fatal error: cannot create 'R_TempDir'
Flavor: r-oldrel-macos-x86_64