CRAN Package Check Results for Package visTree

Last updated on 2025-01-26 01:48:41 CET.

Flavor Version Tinstall Tcheck Ttotal Status Flags
r-devel-linux-x86_64-debian-clang 0.8.1 6.66 79.09 85.75 OK
r-devel-linux-x86_64-debian-gcc 0.8.1 4.51 58.00 62.51 OK
r-devel-linux-x86_64-fedora-clang 0.8.1 140.76 NOTE
r-devel-linux-x86_64-fedora-gcc 0.8.1 145.54 NOTE
r-devel-windows-x86_64 0.8.1 8.00 87.00 95.00 OK
r-patched-linux-x86_64 0.8.1 6.25 75.41 81.66 OK
r-release-linux-x86_64 0.8.1 6.88 74.46 81.34 OK
r-release-macos-arm64 0.8.1 42.00 OK
r-release-macos-x86_64 0.8.1 66.00 OK
r-release-windows-x86_64 0.8.1 8.00 88.00 96.00 OK
r-oldrel-macos-arm64 0.8.1 47.00 OK
r-oldrel-macos-x86_64 0.8.1 75.00 OK
r-oldrel-windows-x86_64 0.8.1 9.00 102.00 111.00 OK

Check Details

Version: 0.8.1
Check: dependencies in R code
Result: NOTE Namespace in Imports field not imported from: ‘rpart’ All declared Imports should be used. Flavors: r-devel-linux-x86_64-fedora-clang, r-devel-linux-x86_64-fedora-gcc