CRAN Package Check Results for Package warpMix

Last updated on 2024-07-22 20:55:57 CEST.

Flavor Version Tinstall Tcheck Ttotal Status Flags
r-devel-linux-x86_64-debian-clang 0.1.0 13.09 120.49 133.58 NOTE
r-devel-linux-x86_64-debian-gcc 0.1.0 10.10 86.37 96.47 NOTE
r-devel-linux-x86_64-fedora-clang 0.1.0 159.93 NOTE
r-devel-linux-x86_64-fedora-gcc 0.1.0 155.90 NOTE
r-devel-windows-x86_64 0.1.0 12.00 94.00 106.00 NOTE
r-patched-linux-x86_64 0.1.0 12.37 111.82 124.19 NOTE
r-release-linux-x86_64 0.1.0 8.87 112.38 121.25 NOTE
r-release-macos-arm64 0.1.0 47.00 NOTE
r-release-macos-x86_64 0.1.0 68.00 NOTE
r-release-windows-x86_64 0.1.0 12.00 93.00 105.00 NOTE
r-oldrel-macos-arm64 0.1.0 55.00 NOTE
r-oldrel-macos-x86_64 0.1.0 88.00 NOTE
r-oldrel-windows-x86_64 0.1.0 16.00 114.00 130.00 NOTE

Check Details

Version: 0.1.0
Check: LazyData
Result: NOTE 'LazyData' is specified without a 'data' directory Flavors: r-devel-linux-x86_64-debian-clang, r-devel-linux-x86_64-debian-gcc, r-devel-linux-x86_64-fedora-clang, r-devel-linux-x86_64-fedora-gcc, r-devel-windows-x86_64, r-patched-linux-x86_64, r-release-linux-x86_64, r-release-macos-arm64, r-release-macos-x86_64, r-release-windows-x86_64, r-oldrel-macos-arm64, r-oldrel-macos-x86_64, r-oldrel-windows-x86_64

Version: 0.1.0
Check: dependencies in R code
Result: NOTE Namespace in Imports field not imported from: ‘nlme’ All declared Imports should be used. Flavors: r-devel-linux-x86_64-fedora-clang, r-devel-linux-x86_64-fedora-gcc