Last updated on 2025-01-26 01:48:42 CET.
Flavor | Version | Tinstall | Tcheck | Ttotal | Status | Flags |
---|---|---|---|---|---|---|
r-devel-linux-x86_64-debian-clang | 2.0.0 | 10.51 | 188.94 | 199.45 | NOTE | |
r-devel-linux-x86_64-debian-gcc | 2.0.0 | 7.30 | 124.51 | 131.81 | NOTE | |
r-devel-linux-x86_64-fedora-clang | 2.0.0 | 329.52 | OK | |||
r-devel-linux-x86_64-fedora-gcc | 2.0.0 | 356.24 | OK | |||
r-devel-windows-x86_64 | 2.0.0 | 11.00 | 208.00 | 219.00 | NOTE | |
r-patched-linux-x86_64 | 2.0.0 | 13.42 | 193.97 | 207.39 | OK | |
r-release-linux-x86_64 | 2.0.0 | 8.10 | 190.97 | 199.07 | OK | |
r-release-macos-arm64 | 2.0.0 | 103.00 | OK | |||
r-release-macos-x86_64 | 2.0.0 | 164.00 | OK | |||
r-release-windows-x86_64 | 2.0.0 | 11.00 | 215.00 | 226.00 | OK | |
r-oldrel-macos-arm64 | 2.0.0 | 106.00 | OK | |||
r-oldrel-macos-x86_64 | 2.0.0 | 421.00 | OK | |||
r-oldrel-windows-x86_64 | 2.0.0 | 11.00 | 261.00 | 272.00 | OK |
Version: 2.0.0
Check: Rd cross-references
Result: NOTE
Found the following Rd file(s) with Rd \link{} targets missing package
anchors:
estimateVariance.Rd: selectiveInference
xtune.Rd: glmnet
Please provide package anchors for all Rd \link{} targets not in the
package itself and the base packages.
Flavors: r-devel-linux-x86_64-debian-clang, r-devel-linux-x86_64-debian-gcc, r-devel-windows-x86_64