CRAN Package Check Results for Package zeroEQpart

Last updated on 2024-07-20 08:49:57 CEST.

Flavor Version Tinstall Tcheck Ttotal Status Flags
r-devel-linux-x86_64-debian-clang 0.1.0 1.51 29.96 31.47 OK
r-devel-linux-x86_64-debian-gcc 0.1.0 1.75 21.88 23.63 OK
r-devel-linux-x86_64-fedora-clang 0.1.0 39.07 NOTE
r-devel-linux-x86_64-fedora-gcc 0.1.0 36.15 NOTE
r-devel-windows-x86_64 0.1.0 3.00 43.00 46.00 OK
r-patched-linux-x86_64 0.1.0 2.51 28.39 30.90 OK
r-release-linux-x86_64 0.1.0 1.50 28.33 29.83 OK
r-release-macos-arm64 0.1.0 15.00 OK
r-release-macos-x86_64 0.1.0 23.00 OK
r-release-windows-x86_64 0.1.0 3.00 42.00 45.00 OK
r-oldrel-macos-arm64 0.1.0 16.00 OK
r-oldrel-macos-x86_64 0.1.0 26.00 OK
r-oldrel-windows-x86_64 0.1.0 3.00 44.00 47.00 OK

Check Details

Version: 0.1.0
Check: dependencies in R code
Result: NOTE Namespace in Imports field not imported from: ‘MASS’ All declared Imports should be used. Flavors: r-devel-linux-x86_64-fedora-clang, r-devel-linux-x86_64-fedora-gcc